**2 - 2*k + 4. Let o be p(-4). Let u = -222 + 183. Let w = u + o. Calculate the greatest common factor of w and 23.
23
Let u = -45 - -46. Calculate the highest common divisor of u and 12.
1
Let x(q) = -q**3 + q**2 + q - 4. Let o be x(0). Let h be (26 - o)/(-1 + 3). Let d be (-733)/(-7) + 4/14. Calculate the greatest common factor of d and h.
15
Let u(h) = 4*h + 266. Let f be u(26). What is the highest common divisor of f and 481?
37
Suppose -3*c = -q + 16, 5*c - 21 = -2*q - 0*q. Let t(s) = -2*s + 44. Let k be t(q). Calculate the highest common factor of k and 54.
18
Let n be (-53*(-2)/(-4))/(22/(-44)). Let l = 88 - n. What is the highest common factor of 14 and l?
7
Let m be 90/7*532/114. What is the greatest common factor of 220 and m?
20
Let u(s) = -21*s - 18*s + 5*s. Let o be u(-2). Let p = 52 + o. What is the greatest common divisor of p and 24?
24
Let x be 4 + (-6)/2 + 1. Let w(r) = r**2 + 7*r - 11. Let c be w(-8). Let s be (-8)/c*(-18)/(-8). What is the highest common factor of s and x?
2
Let g(z) = z**2 + 5*z + 12. Let j be g(-5). Calculate the highest common factor of j and 1284.
12
Let t = -3 + -10. Let w(j) = j**2 + 12*j - 17. Let z be w(t). Let y be 1115/15 + z/(-6). What is the greatest common factor of 15 and y?
15
Let w = -1 + 3. Suppose 0 = -t - 3*t - w*x + 588, -4*x - 452 = -3*t. Let z = t + -88. Calculate the highest common divisor of 20 and z.
20
Let u = -411 - -541. Calculate the greatest common divisor of 52 and u.
26
Suppose 4*y - 20 = 0, 4*n + y = -0*n + 21. Let c be (-334)/(-4)*2 - (3 - n). What is the greatest common factor of c and 21?
21
Suppose -16 = u - 5*u. Suppose -4*r + 40 = 4*t - 8*r, -2*r = t - u. What is the greatest common divisor of 12 and t?
4
Let r = -34 + 136. Let m = 103 - r. Calculate the highest common factor of m and 7.
1
Let m = 276 + -516. Let f = -889 - -1273. Let d = f + m. Calculate the greatest common factor of 16 and d.
16
Suppose 0 = 4*k - 3*n - 91, k + 3*n - n = 31. What is the highest common factor of k and 1225?
25
Suppose 5*o + 3*p = 69, -93 = -5*o + 4*p - 10. Suppose -270 = -4*w + 2*w. What is the greatest common divisor of w and o?
15
Let l(w) = -2*w - 7. Let v be l(-4). Let q(r) = -r**3 + 9*r + 6. Let h be q(-3). Calculate the highest common divisor of v and h.
1
Let z = 5 - -4. Let q(x) = x**2 + 3*x + 9. Let g be q(-3). What is the greatest common divisor of z and g?
9
Suppose 11 = 5*c - 4*l - 0*l, -4*l + 4 = 0. Let j be 1/(-2) - (-5 - c/(-6)). Calculate the greatest common divisor of 16 and j.
4
Let t be (432/32)/(1/134). Calculate the greatest common factor of 27 and t.
27
Let y(u) = u**3 - 4*u**2 + u. Let a be y(3). Let d be (-3)/(-2)*a/9. Let i(m) = -13*m. Let c be i(d). Calculate the greatest common factor of 52 and c.
13
Suppose 14*j - 2363 + 627 = 0. Suppose -3*m + j = 49. What is the greatest common factor of 15 and m?
5
Suppose 16*z - 5280 = -0*z. Let f be (4/(-3))/((-2)/45). What is the highest common factor of z and f?
30
Let o be 1/((1/2)/(95/10)). Calculate the greatest common divisor of 152 and o.
19
Let z = 3 + -25. Let h = z + 52. Let b(i) = 2*i**2 - 2*i - 4. Let f be b(4). Calculate the greatest common factor of h and f.
10
Suppose -393*b = -384*b - 135. Suppose 5*u + j = -3*j + 312, -288 = -5*u + 4*j. Calculate the highest common factor of u and b.
15
Let u(g) = -23*g + 256. Let z be u(-31). Calculate the greatest common factor of z and 57.
57
Let y(u) = 3*u**3 + 92*u**2 + 54*u + 65. Let c be y(-30). What is the highest common factor of 140 and c?
35
Suppose -1 = h - 15. Suppose 3*o - h = -5*u, 1 - 6 = -3*o + 4*u. Suppose o*f - 47 = 13. Calculate the greatest common factor of 220 and f.
20
Let q = 1041 - 259. What is the highest common factor of q and 34?
34
Suppose 5*v + 38 = 4*s, 3*v + 357 = -s + 358. Calculate the highest common factor of s and 1169.
7
Let b(n) = n + 5. Let k be b(0). Suppose 5*m + k = 6*m. Suppose 4*s = 3*d + 69, m*s = -0*s + 2*d + 81. Calculate the highest common divisor of 6 and s.
3
Suppose -4*u + 4 = -2*h + 38, -2*u = -2. Let d = h + 5. What is the highest common factor of 6 and d?
6
Let h = 771 + -739. Calculate the highest common factor of h and 2272.
32
Let m be 5/(5/10 + 0). Suppose m*b - 527 - 663 = 0. Calculate the greatest common divisor of b and 17.
17
Suppose 2*y + 90 - 243 = -u, 3*u = -9. Calculate the highest common factor of y and 104.
26
Let c be 1/(-3)*-303*(1 - 0). Let g = c - 75. Let y = 9 + 4. What is the greatest common factor of y and g?
13
Suppose 3*d = -2*n + 139, 77 = n - 154*d + 158*d. Calculate the greatest common divisor of 13 and n.
13
Let c be (-15)/12*1*-4. Suppose 2*z - s - 117 = -0*z, -c*s = 5. What is the greatest common factor of z and 87?
29
Let d(o) = -o**3 - 11*o**2 - 8*o - 9. Let r be d(-8). Let h be 30/10 - (r - 0). What is the greatest common factor of 20 and h?
20
Let l be (-4)/(-4)*(42 - (-1)/1). Let k = -37 + l. Calculate the greatest common divisor of 24 and k.
6
Suppose -5*r - 8 = -2*a + 3, 0 = a + 5*r - 43. Let i = -15 + 15. Let v be i + -18*(-10)/2. What is the greatest common divisor of v and a?
18
Suppose 25 = 5*d + 5*f, f + 10 = 5*d + 3*f. Suppose 3*x + 4*h - 232 = d, -10 = 2*h - 0. Calculate the greatest common factor of x and 12.
12
Let a(u) = -u**2 - 3*u + 6. Let h be a(-5). Let w be 3 + (9 - h) + -1. What is the greatest common factor of 15 and w?
15
Let l = -435 - -438. Calculate the highest common divisor of 8 and l.
1
Let l be 180/(-54)*(2 - (-578)/(-4)). Suppose -l - 539 = -6*r. What is the greatest common divisor of 13 and r?
13
Suppose -3*l - 15 = 0, m + 2 + 10 = -3*l. Let f be 33/2*44/m. What is the greatest common factor of f and 22?
22
Suppose 0 = -o + 2 + 1. Suppose 2*n = o*x + 2*x - 130, -5*n - 1 = x. What is the highest common factor of x and 12?
12
Let y be (-126)/(-36)*(-16)/(-14). Suppose -y*b - 225 = -5*u, -u + 45 = -3*b - 2*b. What is the greatest common divisor of 30 and u?
15
Let x(h) = 31*h - 11 + 4 + 4. Let f be x(1). What is the greatest common divisor of f and 7?
7
Let q be 238 + 0 + -10*9/(-18). What is the highest common divisor of q and 324?
81
Let n(f) = 4*f**2 - 3*f. Let y be n(2). Let v = 315 - 285. Calculate the highest common factor of y and v.
10
Let t = -304 + 330. What is the highest common divisor of 26 and t?
26
Let p(z) = -z**2 - 19*z - 18. Let i be p(-9). Suppose 2 = f - 6. What is the greatest common divisor of i and f?
8
Suppose 0 = 94*b - 106*b + 384. What is the greatest common factor of 136 and b?
8
Suppose -27*j - 411 = -3300. What is the highest common factor of j and 2996?
107
Suppose -4 = 7*z - 3*z. Let r = z - -4. Let i = 112 + -111. What is the highest common divisor of i and r?
1
Suppose -4*i = -5*i - 31. Let g be (-5 - i)*1/2. What is the greatest common divisor of 117 and g?
13
Let h be (-2)/4*2 + 54. Let s(y) = 19*y**3 + 3*y**2 - 29*y + 77. Let j be s(3). Calculate the greatest common divisor of j and h.
53
Suppose 0 = 4*h + 7*h - 165. Suppose 11 = 4*v - 13. Calculate the highest common divisor of v and h.
3
Suppose d - 4*u - u + 7 = 0, -5*d - 4*u = -23. Let y = d + -5. Let b be y/3*(-228 - 0). What is the greatest common factor of b and 19?
19
Let h be (-290)/6 + 20/(-30). Let q be h/21*(-3)/1. What is the greatest common factor of 7 and q?
7
Let h = -12 + 24. Let g(q) = 12*q + 102. Let f be g(-6). Calculate the highest common factor of h and f.
6
Let y be ((-18)/3 - 0)/(-1). Let r = 19 - y. Calculate the highest common factor of r and 13.
13
Let r = 9 - -11. Suppose -216 = -4*f - 4*s, 6*f + 3*s = f + 262. Calculate the highest common divisor of r and f.
10
Let o(d) be the third derivative of -5*d**4/3 + 21*d**2. Let p be o(-4). Calculate the highest common divisor of 20 and p.
20
Let i(k) = -k**3 + 3*k**2 + 3*k - 4. Let t be i(5). Suppose 0 = -4*u + u + 189. Let a = t + u. What is the highest common divisor of 36 and a?
12
Let j(m) = m**3 + 12*m**2 + 7*m - 8. Let z be j(-11). Calculate the greatest common divisor of z and 768.
12
Let a(b) = -b**3 + 8*b + 15. Let q be a(0). Let n(g) = 7*g - 3. Let w be n(2). Suppose 25 = w*h - 6*h. What is the greatest common divisor of q and h?
5
Suppose 0*p + 4*p + 112 = 0. Let i be 4/(-14) - 260/p. Let z = 11 + i. Calculate the highest common factor of 20 and z.
20
Let q(x) = x**3 + 76*x**2 + 68*x 